4. List the prime factors of u.
239
Let y(m) = m**3 + 3*m**2 + 3*m + 1. Let h be y(-3). Let k(a) = -a**3 - 6*a**2 + 16*a - 1. Let d be k(h). List the prime factors of (-4 + 4 + d)*-17.
17
Suppose -6*v = v - 2*v. Suppose v = 4*j - 8*j + 420. What are the prime factors of j?
3, 5, 7
Let m(f) = -208*f - 399. What are the prime factors of m(-7)?
7, 151
Let r(f) = f**3 - 9*f**2 + 6*f + 1. Let y be r(8). Let i(k) = -k**2 - 18*k - 16. List the prime factors of i(y).
29
Let b = -381 - -831. What are the prime factors of b?
2, 3, 5
List the prime factors of 7689/9*(-6)/(-2).
11, 233
Let g = -39 + 44. Suppose -184 - 456 = -5*r - g*p, 2*r = -4*p + 266. List the prime factors of r.
3, 41
Let y = -3 + 8. Suppose 2*b - y*b = -81. Let g = -4 + b. List the prime factors of g.
23
Let y = 837 - 489. What are the prime factors of y?
2, 3, 29
Suppose -3*x + 917 = 4*z, 6*x - 5*z = 8*x - 602. List the prime factors of x.
311
Let v be 26 + -5 - (2 - -1). Let z be 3/(-2) + v/4. Suppose -5*p + z*p = -20. List the prime factors of p.
2, 5
Let n = 7 - -56. List the prime factors of n.
3, 7
Suppose -3*t + 12 = -7*t. Let v(a) = -3*a + 6. List the prime factors of v(t).
3, 5
Suppose 2*v - 3 = -3. Suppose -89*c + 94*c - 775 = v. List the prime factors of c.
5, 31
Suppose j + 252 = -2*j. Let q = j - -88. List the prime factors of q.
2
Suppose 4*u - 831 = -m, -4*m + 905 + 2401 = -2*u. What are the prime factors of m?
827
Let g = 14 - 8. Suppose -4*n + 2*p = 20, 6*p = p + 10. List the prime factors of (54 - g)/((-6)/n).
2
Let g(i) = 2*i**3 - i + 1. Let j be g(1). Suppose f + 2*f = -f. Suppose j*h - 7 - 3 = f, 2*k - 51 = -3*h. List the prime factors of k.
2, 3
Let n(p) be the second derivative of -p**3/3 + 11*p**2 - p. Let f be n(9). Suppose 168 = 4*w - k, -f*w = 3*k + k - 188. List the prime factors of w.
43
Suppose 486 = -9*j + 3483. Suppose -12*o + 15*o - j = 0. What are the prime factors of o?
3, 37
Suppose 3*b - 29 = -11. Suppose 2*l + b = 72. Let w = l + -7. List the prime factors of w.
2, 13
Suppose 8*i + 2 = 9*i. Suppose -p - 2 = i*p + 5*y, 0 = 4*y - 20. What are the prime factors of (96/(-18))/(2/p)?
2, 3
Let r = -3 + 3. Suppose 3*u + 13 - 337 = r. What are the prime factors of u?
2, 3
Let r be (2 + -2)/3*-1. Suppose r = 3*s - 7*s. Suppose -2*g + 58 = -s*g. What are the prime factors of g?
29
Suppose 22*q = 7293 + 4081. List the prime factors of q.
11, 47
Suppose 0 = 3*z + 3 - 69. What are the prime factors of z?
2, 11
Suppose 0 = -p - 67 + 396. What are the prime factors of p?
7, 47
Suppose -7 = -4*h + 13. Suppose -3*r + h*b = -r + 25, b - 5 = -2*r. Suppose r = 2*n - 2*z - 44, -3*z - 56 + 198 = 5*n. List the prime factors of n.
2, 13
Let x = -81 - -71. What are the prime factors of ((-16)/x + -2)/((-3)/1245)?
2, 83
Suppose -5*w = 0, -4*i - 3*w - 577 + 1049 = 0. What are the prime factors of i?
2, 59
Let x = 12 - 10. Suppose 0 = -x*m - 3*m + 15. Suppose m*a = -5 + 11. What are the prime factors of a?
2
Suppose 5*a + 3*y - 40 = 3*a, -5*y = -10. Let z(d) = d**3 - 16*d**2 - 15*d + 20. What are the prime factors of z(a)?
2, 3
Suppose 0 = 2*n + 2*n - 12. Suppose 2*k = 4*c - 2*k - 20, n*k - 1 = -c. Suppose c*d = -14 + 106. List the prime factors of d.
23
Let b be (-2266)/(-10) - 40/(-100). What are the prime factors of 1*b + (-1)/(-2)*-6?
2, 7
Let z(v) = 7*v**2 - 7*v + 4. Let q be z(7). Let i = -191 + q. List the prime factors of i.
107
Let y(d) = -d**2 - 8*d + 14. Let j be y(-9). Suppose 230 = j*x - 5*v, -x - 70 = -2*x - 5*v. What are the prime factors of x?
2, 5
Let o = 1189 - -351. List the prime factors of o.
2, 5, 7, 11
Let l = 404 + -399. Suppose 0 = 3*k + 4*f - 14 - 1, -5*k - 3*f = -25. Suppose -k*x + 10 = -w, 4*w - 3*w - 2*x = l. List the prime factors of w.
3, 5
Let i(t) = -2*t**3 - 9*t**2 - 13*t - 94. List the prime factors of i(-9).
2, 47
Let p(n) = 25*n**2 - 42*n + 357. What are the prime factors of p(10)?
2437
Suppose -3 - 6 = -3*l. Suppose t + 4*t - z = 842, -t + 174 = -l*z. What are the prime factors of t?
2, 3, 7
Suppose 0 = 5*s + 5, 0 = 7*w - 3*w + 3*s - 1529. What are the prime factors of w?
383
Let a = 1097 - 233. List the prime factors of a.
2, 3
Let x(h) = -4*h + 28. Let y be x(6). List the prime factors of (625/10)/(2/y).
5
Suppose -19936 + 3956 = -5*h. What are the prime factors of h?
2, 17, 47
List the prime factors of (-6130)/(-4)*(-704)/(-220).
2, 613
Suppose 42 + 24 = q. Suppose 4*b - b = q. List the prime factors of b.
2, 11
Let o be ((-35)/(-21))/(1/6). Suppose o = z - 39. What are the prime factors of z?
7
Let w be 11/7 - (-48)/112. Let x be (-30 + 0)*w/(-6). Suppose 3*l - x + 1 = 0. List the prime factors of l.
3
Suppose -12 + 0 = -3*o. Suppose 0 = 3*w - o*w - 3. What are the prime factors of ((-39)/2)/w*2?
13
Let x(u) = u**3 - u**2 + u + 94. Let y be x(0). Suppose 0 = 5*k - 3*k + 5*t - y, -3*k - 3*t + 123 = 0. What are the prime factors of k?
37
Let p = -42 - 9. Let i = p - -326. What are the prime factors of i?
5, 11
Suppose -3*m - 333 = -4*m. Let z = -182 + m. List the prime factors of z.
151
Let n = -34 + 19. Let l = 74 - 105. Let r = n - l. What are the prime factors of r?
2
Suppose -14*z + 2385 = -13071. List the prime factors of z.
2, 3, 23
Let k(m) = -5*m - 41. Let f be k(-10). Let y(b) = 3*b**2 - 12*b + 18. What are the prime factors of y(f)?
3, 17
Let r = -12 - -14. Let u be -2 + (2 - -22)/r. List the prime factors of (24/u)/(2/5).
2, 3
List the prime factors of (3 - -2790) + (2 - -5).
2, 5, 7
Suppose 0 = 34*u - 3*u - 15066. What are the prime factors of u?
2, 3
Let a = 169 + 1118. What are the prime factors of a?
3, 11, 13
What are the prime factors of 3686 + (-4 - -5 - 3)?
2, 3, 307
Let h(x) = -x - 11. Let v be h(-10). What are the prime factors of (v + -2 - 0) + (-600)/(-4)?
3, 7
Let w = 43 + -52. What are the prime factors of (w/(-12)*37)/((-9)/(-24))?
2, 37
Let v = 4728 + -2699. What are the prime factors of v?
2029
Let n(a) = 15 - 21 + 8*a + 23. List the prime factors of n(7).
73
Let t be 4/((-3)/(9/(-6))). Let o(k) = -k**3 + 2*k**2. Let g be o(t). Suppose g = -i - 7 + 19. What are the prime factors of i?
2, 3
Suppose 0 = -9*f + 8*f - v + 416, 2*f - 812 = 2*v. Suppose 0 = 2*j + l - f, j + l - 188 = -3*l. What are the prime factors of j?
2, 13
Let t be (952/12)/((-6)/(-72)). Suppose 11*m - t - 203 = 0. What are the prime factors of m?
3, 5, 7
Let r(m) = m**3 + 14*m**2 + 11*m - 14. Let x be r(-13). Suppose 4*o + x = 0, 5*g - 311 = -4*o + o. What are the prime factors of g?
2
Let n be (-480)/(-18)*6/4. What are the prime factors of ((-90)/n)/(2/(-48))?
2, 3
Let y(v) = -15*v + 1. Suppose 4*o - 1 = 3. Let c be y(o). List the prime factors of (-178)/c + (-6)/(-21).
13
Suppose -154 = -5*v + 1486. List the prime factors of v.
2, 41
Let o(f) be the first derivative of -f**4/4 + f**3/3 + 5*f**2/2 + f - 17. List the prime factors of o(-2).
3
Suppose -26*k + 53728 - 19824 = 0. List the prime factors of k.
2, 163
Let b(a) = -a**3 - 3*a**2 - a + 4. Let d be b(-2). Suppose d*z - 65 = 67. List the prime factors of z.
2, 3, 11
Suppose -20*i - 24122 + 114822 = 0. What are the prime factors of i?
5, 907
Let v(d) = d**3 + 10*d**2 - 13*d - 16. Let f be v(-11). Suppose -f*l - 9 = -183. List the prime factors of l.
29
Suppose 0 = 5*q - 951 + 151. Suppose 7*g = 11*g - q. What are the prime factors of g?
2, 5
Suppose 35*s - 4692 = 29*s. List the prime factors of s.
2, 17, 23
Let s(p) = 3*p**3 - 4*p**2 + 4*p - 2. Let d be s(2). Suppose 0 = 3*c - c + d. What are the prime factors of 51/7 - (-2)/c?
7
List the prime factors of (-99)/(-6)*(32 - 22).
3, 5, 11
Let m = 98 - 103. Let x(k) = 4*k**2 - 2*k - 4. Let u(h) = -3*h**2 + 2*h + 4. Let v(a) = 5*u(a) + 4*x(a). What are the prime factors of v(m)?
19
Let u(y) = -y + 2. Let o be u(0). Suppose -o*a - 3*w = -33, -5*w - 59 = 2*a - 5*a. What are the prime factors of a?
2, 3
Suppose -290 = 3*o - 35. Let x = 170 + o. List the prime factors of x.
5, 17
Let k(g) = g**3 - 8*g**2 + 15*g - 15. Let s be k(6). Suppose s*o + 214 = 601. List the prime factors of o.
3, 43
Suppose 0 = w - 4*w. Let o be (9/3 - w) + -3. Suppose a - 3*n = 7 + 34, o = a - 4*n - 41. List the prime factors of a.
41
Let m(u) = 5*u - 32. Let f be m(7). Suppose -378 = -f*q - 3*q. List the prime factors of q.
3, 7
Let y(j) = 11 - j + j - j. Let d b